[INFO] cloning repository https://github.com/apollographql/apollo-cli
[INFO] running `Command { std: "git" "-c" "credential.helper=" "-c" "credential.helper=/workspace/cargo-home/bin/git-credential-null" "clone" "--bare" "https://github.com/apollographql/apollo-cli" "/workspace/cache/git-repos/https%3A%2F%2Fgithub.com%2Fapollographql%2Fapollo-cli", kill_on_drop: false }`
[INFO] [stderr] Cloning into bare repository '/workspace/cache/git-repos/https%3A%2F%2Fgithub.com%2Fapollographql%2Fapollo-cli'...
[INFO] running `Command { std: "git" "rev-parse" "HEAD", kill_on_drop: false }`
[INFO] [stdout] d4eb5d7b5e3ed6ad55b13bb86e628a912784a4b3
[INFO] checking apollographql/apollo-cli against try#72f88fc4e9458f89516a0b8b0868f3718aec5b47 for pr-74989
[INFO] running `Command { std: "git" "clone" "/workspace/cache/git-repos/https%3A%2F%2Fgithub.com%2Fapollographql%2Fapollo-cli" "/workspace/builds/worker-1/source", kill_on_drop: false }`
[INFO] [stderr] Cloning into '/workspace/builds/worker-1/source'...
[INFO] [stderr] done.
[INFO] validating manifest of git repo https://github.com/apollographql/apollo-cli on toolchain 72f88fc4e9458f89516a0b8b0868f3718aec5b47
[INFO] running `Command { std: "/workspace/cargo-home/bin/cargo" "+72f88fc4e9458f89516a0b8b0868f3718aec5b47" "read-manifest" "--manifest-path" "Cargo.toml", kill_on_drop: false }`
[INFO] started tweaking git repo https://github.com/apollographql/apollo-cli
[INFO] removed workspace from git repo https://github.com/apollographql/apollo-cli
[INFO] removed path dependency houston from git repo https://github.com/apollographql/apollo-cli
[INFO] finished tweaking git repo https://github.com/apollographql/apollo-cli
[INFO] tweaked toml for git repo https://github.com/apollographql/apollo-cli written to /workspace/builds/worker-1/source/Cargo.toml
[INFO] crate git repo https://github.com/apollographql/apollo-cli already has a lockfile, it will not be regenerated
[INFO] running `Command { std: "/workspace/cargo-home/bin/cargo" "+72f88fc4e9458f89516a0b8b0868f3718aec5b47" "fetch" "--locked" "--manifest-path" "Cargo.toml", kill_on_drop: false }`
[INFO] [stderr] warning: dependency (houston) specified without providing a local path, Git repository, or version to use. This will be considered an error in future versions
[INFO] [stderr]     Updating crates.io index
[INFO] [stderr] error: the lock file /workspace/builds/worker-1/source/Cargo.lock needs to be updated but --locked was passed to prevent this
[INFO] [stderr] If you want to try to generate the lock file without accessing the network, use the --offline flag.
[INFO] the lockfile is outdated, regenerating it
[INFO] running `Command { std: "/workspace/cargo-home/bin/cargo" "+72f88fc4e9458f89516a0b8b0868f3718aec5b47" "generate-lockfile" "--manifest-path" "Cargo.toml" "-Zno-index-update", kill_on_drop: false }`
[INFO] [stderr]     Blocking waiting for file lock on package cache
[INFO] running `Command { std: "/workspace/cargo-home/bin/cargo" "+72f88fc4e9458f89516a0b8b0868f3718aec5b47" "fetch" "--locked" "--manifest-path" "Cargo.toml", kill_on_drop: false }`
[INFO] [stderr] warning: dependency (houston) specified without providing a local path, Git repository, or version to use. This will be considered an error in future versions
[INFO] [stderr]     Blocking waiting for file lock on package cache
[INFO] [stderr]     Blocking waiting for file lock on package cache
[INFO] running `Command { std: "docker" "create" "-v" "/var/lib/crater-agent-workspace/builds/worker-1/target:/opt/rustwide/target:rw,Z" "-v" "/var/lib/crater-agent-workspace/builds/worker-1/source:/opt/rustwide/workdir:ro,Z" "-v" "/var/lib/crater-agent-workspace/cargo-home:/opt/rustwide/cargo-home:ro,Z" "-v" "/var/lib/crater-agent-workspace/rustup-home:/opt/rustwide/rustup-home:ro,Z" "-e" "SOURCE_DIR=/opt/rustwide/workdir" "-e" "CARGO_TARGET_DIR=/opt/rustwide/target" "-e" "CARGO_HOME=/opt/rustwide/cargo-home" "-e" "RUSTUP_HOME=/opt/rustwide/rustup-home" "-w" "/opt/rustwide/workdir" "-m" "1610612736" "--user" "0:0" "--network" "none" "rustops/crates-build-env@sha256:d92eaeed33fa75130ca1ee6c8a01d1ffb62bac859dfdfb3450e3e5d1c0146529" "/opt/rustwide/cargo-home/bin/cargo" "+72f88fc4e9458f89516a0b8b0868f3718aec5b47" "metadata" "--no-deps" "--format-version=1", kill_on_drop: false }`
[INFO] [stdout] 971f31ef647661c0447c5112165ec60d385c0b54fd9e6a07f4d3bb96b32b028c
[INFO] [stderr] WARNING: Your kernel does not support swap limit capabilities or the cgroup is not mounted. Memory limited without swap.
[INFO] running `Command { std: "docker" "start" "-a" "971f31ef647661c0447c5112165ec60d385c0b54fd9e6a07f4d3bb96b32b028c", kill_on_drop: false }`
[INFO] running `Command { std: "docker" "inspect" "971f31ef647661c0447c5112165ec60d385c0b54fd9e6a07f4d3bb96b32b028c", kill_on_drop: false }`
[INFO] running `Command { std: "docker" "rm" "-f" "971f31ef647661c0447c5112165ec60d385c0b54fd9e6a07f4d3bb96b32b028c", kill_on_drop: false }`
[INFO] [stdout] 971f31ef647661c0447c5112165ec60d385c0b54fd9e6a07f4d3bb96b32b028c
[INFO] running `Command { std: "docker" "create" "-v" "/var/lib/crater-agent-workspace/builds/worker-1/target:/opt/rustwide/target:rw,Z" "-v" "/var/lib/crater-agent-workspace/builds/worker-1/source:/opt/rustwide/workdir:ro,Z" "-v" "/var/lib/crater-agent-workspace/cargo-home:/opt/rustwide/cargo-home:ro,Z" "-v" "/var/lib/crater-agent-workspace/rustup-home:/opt/rustwide/rustup-home:ro,Z" "-e" "SOURCE_DIR=/opt/rustwide/workdir" "-e" "CARGO_TARGET_DIR=/opt/rustwide/target" "-e" "CARGO_INCREMENTAL=0" "-e" "RUST_BACKTRACE=full" "-e" "RUSTFLAGS=--cap-lints=forbid" "-e" "CARGO_HOME=/opt/rustwide/cargo-home" "-e" "RUSTUP_HOME=/opt/rustwide/rustup-home" "-w" "/opt/rustwide/workdir" "-m" "1610612736" "--user" "0:0" "--network" "none" "rustops/crates-build-env@sha256:d92eaeed33fa75130ca1ee6c8a01d1ffb62bac859dfdfb3450e3e5d1c0146529" "/opt/rustwide/cargo-home/bin/cargo" "+72f88fc4e9458f89516a0b8b0868f3718aec5b47" "check" "--frozen" "--all" "--all-targets" "--message-format=json", kill_on_drop: false }`
[INFO] [stderr] WARNING: Your kernel does not support swap limit capabilities or the cgroup is not mounted. Memory limited without swap.
[INFO] [stdout] 56c1e3c1ac4d64c3620ef9e6874e9f859cc0d390aeaed27ee6dc4e098fc12116
[INFO] running `Command { std: "docker" "start" "-a" "56c1e3c1ac4d64c3620ef9e6874e9f859cc0d390aeaed27ee6dc4e098fc12116", kill_on_drop: false }`
[INFO] [stderr] warning: dependency (houston) specified without providing a local path, Git repository, or version to use. This will be considered an error in future versions
[INFO] [stderr]    Compiling libc v0.2.77
[INFO] [stderr]    Compiling memchr v2.3.3
[INFO] [stderr]     Checking lazy_static v1.4.0
[INFO] [stderr]     Checking regex-syntax v0.6.18
[INFO] [stderr]    Compiling log v0.4.11
[INFO] [stderr]     Checking cfg-if v0.1.10
[INFO] [stderr]     Checking quick-error v1.2.3
[INFO] [stderr]     Checking termcolor v1.1.0
[INFO] [stderr]    Compiling doc-comment v0.3.3
[INFO] [stderr]     Checking houston v0.0.0
[INFO] [stderr]     Checking difference v2.0.0
[INFO] [stderr]     Checking float-cmp v0.8.0
[INFO] [stderr]    Compiling structopt-derive v0.4.10
[INFO] [stderr]     Checking thread_local v1.0.1
[INFO] [stderr]     Checking humantime v1.3.0
[INFO] [stderr]     Checking aho-corasick v0.7.13
[INFO] [stderr]     Checking atty v0.2.14
[INFO] [stderr]     Checking termios v0.3.2
[INFO] [stderr]     Checking terminal_size v0.1.13
[INFO] [stderr]     Checking wait-timeout v0.2.0
[INFO] [stderr]     Checking clap v2.33.3
[INFO] [stderr]     Checking regex v1.3.9
[INFO] [stderr]     Checking structopt v0.3.17
[INFO] [stderr]     Checking console v0.11.3
[INFO] [stderr]     Checking env_logger v0.7.1
[INFO] [stderr]     Checking predicates v1.0.5
[INFO] [stderr]     Checking rover v0.0.0 (/opt/rustwide/workdir)
[INFO] [stdout] error[E0433]: failed to resolve: could not find `Profile` in `config`
[INFO] [stdout]   --> src/command/config/profile.rs:38:40
[INFO] [stdout]    |
[INFO] [stdout] 38 |                 let profiles = config::Profile::list()?;
[INFO] [stdout]    |                                        ^^^^^^^ could not find `Profile` in `config`
[INFO] [stdout] 
[INFO] [stdout] 
[INFO] [stdout] error[E0433]: failed to resolve: could not find `Profile` in `config`
[INFO] [stdout]   --> src/command/config/api_key.rs:15:17
[INFO] [stdout]    |
[INFO] [stdout] 15 |         config::Profile::set_api_key(&self.profile_name, api_key)?;
[INFO] [stdout]    |                 ^^^^^^^ not found in `config`
[INFO] [stdout]    |
[INFO] [stdout] help: consider importing this struct
[INFO] [stdout]    |
[INFO] [stdout] 1  | use crate::command::config::profile::Profile;
[INFO] [stdout]    |
[INFO] [stdout] 
[INFO] [stdout] 
[INFO] [stdout] error[E0433]: failed to resolve: could not find `Profile` in `config`
[INFO] [stdout]   --> src/command/config/api_key.rs:16:23
[INFO] [stdout]    |
[INFO] [stdout] 16 |         match config::Profile::get_api_key(&self.profile_name) {
[INFO] [stdout]    |                       ^^^^^^^ not found in `config`
[INFO] [stdout]    |
[INFO] [stdout] help: consider importing this struct
[INFO] [stdout]    |
[INFO] [stdout] 1  | use crate::command::config::profile::Profile;
[INFO] [stdout]    |
[INFO] [stdout] 
[INFO] [stdout] 
[INFO] [stdout] error[E0422]: cannot find struct, variant or union type `LoadOpts` in crate `config`
[INFO] [stdout]   --> src/command/config/profile.rs:50:36
[INFO] [stdout]    |
[INFO] [stdout] 50 |                 let opts = config::LoadOpts {
[INFO] [stdout]    |                                    ^^^^^^^^ not found in `config`
[INFO] [stdout] 
[INFO] [stdout] 
[INFO] [stdout] error[E0433]: failed to resolve: could not find `Profile` in `config`
[INFO] [stdout]   --> src/command/config/profile.rs:53:39
[INFO] [stdout]    |
[INFO] [stdout] 53 |                 let profile = config::Profile::load(&s.name, opts)?;
[INFO] [stdout]    |                                       ^^^^^^^ not found in `config`
[INFO] [stdout]    |
[INFO] [stdout] help: consider importing this struct
[INFO] [stdout]    |
[INFO] [stdout] 1  | use crate::command::config::profile::Profile;
[INFO] [stdout]    |
[INFO] [stdout] 
[INFO] [stdout] 
[INFO] [stdout] error[E0433]: failed to resolve: could not find `Profile` in `config`
[INFO] [stdout]   --> src/command/config/profile.rs:60:25
[INFO] [stdout]    |
[INFO] [stdout] 60 |                 config::Profile::delete(&d.name)?;
[INFO] [stdout]    |                         ^^^^^^^ not found in `config`
[INFO] [stdout]    |
[INFO] [stdout] help: consider importing this struct
[INFO] [stdout]    |
[INFO] [stdout] 1  | use crate::command::config::profile::Profile;
[INFO] [stdout]    |
[INFO] [stdout] 
[INFO] [stdout] 
[INFO] [stdout] error[E0425]: cannot find function `clear` in crate `config`
[INFO] [stdout]   --> src/command/config/mod.rs:30:25
[INFO] [stdout]    |
[INFO] [stdout] 30 |                 config::clear()?;
[INFO] [stdout]    |                         ^^^^^ not found in `config`
[INFO] [stdout] 
[INFO] [stdout] 
[INFO] [stderr]     Checking assert_cmd v1.0.1
[INFO] [stdout] error: aborting due to 7 previous errors
[INFO] [stdout] 
[INFO] [stdout] 
[INFO] [stdout] Some errors have detailed explanations: E0422, E0425, E0433.
[INFO] [stdout] 
[INFO] [stdout] For more information about an error, try `rustc --explain E0422`.
[INFO] [stdout] 
[INFO] [stderr] error: could not compile `rover`.
[INFO] [stderr] 
[INFO] [stderr] To learn more, run the command again with --verbose.
[INFO] [stderr] warning: build failed, waiting for other jobs to finish...
[INFO] [stderr] error: build failed
[INFO] running `Command { std: "docker" "inspect" "56c1e3c1ac4d64c3620ef9e6874e9f859cc0d390aeaed27ee6dc4e098fc12116", kill_on_drop: false }`
[INFO] running `Command { std: "docker" "rm" "-f" "56c1e3c1ac4d64c3620ef9e6874e9f859cc0d390aeaed27ee6dc4e098fc12116", kill_on_drop: false }`
[INFO] [stdout] 56c1e3c1ac4d64c3620ef9e6874e9f859cc0d390aeaed27ee6dc4e098fc12116
